**2 + 8*f - 147. Let c(i) = i**2 - 46*i + 431. Let q be c(14). What is z(q)?
6
Let g(c) = -2*c**2 + 4*c - 3. Let u = 9806 + -9804. Determine g(u).
-3
Let m(u) = 46*u + 5. Let c be ((-21)/70*(-2)/3)/(1/5). Give m(c).
51
Suppose 181 = 5*p + 5*t + 91, 4*p + 3*t = 74. Let a(h) = 3*h - 55. Calculate a(p).
5
Let j(g) = 3*g + 6. Suppose -23*m + 13*m = 6*m - 64. Determine j(m).
18
Let t(n) be the second derivative of -n**7/840 - n**6/72 + n**5/20 + 5*n**4/24 + 2*n**3 - 2*n + 4. Let i(c) be the second derivative of t(c). Calculate i(-5).
-25
Let b = -1551 - -1548. Let m = 17 + -14. Let j(w) = m + 1 - 2*w**2 - w - 8. Determine j(b).
-19
Let i(o) = 5 - 4244*o + 8496*o - 4243*o. Calculate i(-3).
-22
Let a(l) = -17 - 949*l + 1893*l - 943*l - 26. Determine a(7).
-36
Suppose -k + 0 = -1. Let d(t) be the second derivative of t**4/6 + t**3/3 + 3*t**2/2 + 43*t. Let u(x) = -x - 1. Let c(r) = -2*d(r) - 5*u(r). Determine c(k).
-4
Let s be ((-81)/18)/((-6)/584). Let j = s - 440. Let f(i) = i**3 + 2. Calculate f(j).
-6
Let c(n) be the second derivative of n**6/360 + n**4/24 + 2*n**3/3 + 3*n**2/2 + 6*n - 3. Let b(q) be the second derivative of c(q). Give b(0).
1
Let r(g) = 3*g**3 + 28*g**2 - 14*g. Let t(a) = a**3 + 10*a**2 - 5*a. Suppose 6 = u + 5*v, -4*u = -10*v + 7*v - 47. Let w(q) = u*t(q) - 4*r(q). Determine w(-2).
-2
Suppose p - 50 = -4*h, 5*h + 45 = 8*h - 3*p. Let f(s) = 8 - 2*s + 16*s + s**2 + h*s - 37*s + 2*s**3 + 8*s. Calculate f(0).
8
Let b = -99 + 101. Let a(d) = 34*d - 17*d - 15*d - 1 - b*d**2 + d**2. Let n(k) = -k**3 - 4*k**2 - 5*k - 3. Let j be n(-3). Calculate a(j).
-4
Let i(s) = 8454*s - 339 - 2826*s - 2820*s - 2822*s. What is i(-24)?
-3
Let d(p) = -2508*p + 1 + 839*p + 837*p + 830*p. Let i(s) = s**3 - 7*s**2 + 7*s - 5. Let a be i(6). Give d(a).
-1
Let g(o) = 2*o - 12. Let t be g(8). Let z(i) = -t*i + 3*i - 1 + 0. Let u(x) = -14*x - 844. Let k be u(-60). Determine z(k).
3
Let p be (-19 + 3)/((-288)/216). Let o(w) = -w**2. Let f(v) = v**3 - 7*v**2 + 14*v - 12. Let m(l) = f(l) + 6*o(l). Calculate m(p).
12
Let f(y) = -y**3 + 15*y**2 - 14*y + 3. Let j(k) = -10*k - 49. Let g be j(-9). Suppose 3*i - 38 = -4*x, x = -4*i + i + g. Determine f(i).
3
Let b(t) = -t**2 + 8*t - 9. Suppose 63*i = 54*i + 27. Let u(n) = -n**2 + 19*n - 41. Let d be u(i). Give b(d).
-2
Let n = 2062 - 2067. Let c(r) be the second derivative of -r**5/20 - r**4/3 + r**3 - 5*r**2/2 - 2*r. Calculate c(n).
-10
Suppose 18*v - 43 = -7. Let a(f) = 13*f - 5*f + 1 - 5*f**v - 6*f - f. Let i(d) = d**2 + d - 1. Let o be i(-1). Give a(o).
-5
Let k(s) = 2*s**3 - 13*s**2 - 7*s + 7. Let t = -2598 - -2605. What is k(t)?
7
Let g(d) = -23*d + 3. Let p = 173 + -171. Determine g(p).
-43
Let n(o) = 19*o**2 - 20*o - 56*o**2 + 36*o**2 + o. Calculate n(0).
0
Let v(i) = -i**3 - 23*i**2 - 21*i + 16. Let k(p) = p**2 + 39*p - 398. Let y be k(8). Determine v(y).
-6
Let v(l) = -l. Let t be 17/5 + 22/(-55). Let p(q) be the second derivative of 5*q**4/12 - q**3/3 + 72*q. Let f(k) = t*v(k) - p(k). What is f(1)?
-6
Let b(r) = -7*r**3 - 43*r**2 + 2*r. Let f(k) = 10*k**3 + 44*k**2 - 3*k + 2. Let n(x) = 3*b(x) + 2*f(x). What is n(-41)?
4
Let q(h) be the first derivative of -h**5/20 - 5*h**4/12 + 7*h**3/6 + h**2 - 92*h - 103. Let t(a) be the first derivative of q(a). Determine t(-6).
-4
Let w(i) = 13*i**2 + 79*i - 3. Let f(g) = -7*g**2 - 39*g + 2. Let h(l) = 9*f(l) + 5*w(l). Give h(-22).
3
Let t = 51 + -48. Suppose 5*m - t*m + 8 = 0. Let z(a) = -a**3 - 4*a**2 + 5. Determine z(m).
5
Let x(r) = -r**2 + 66*r - 218*r + 72*r - 10 + 74*r + 2*r**2. Give x(5).
-15
Let y(t) = t**2 - 14*t + 57. Let v be y(7). Let z be v - 19/2 - 3/(-6). Let g(c) = 2*c**2 - c. Calculate g(z).
3
Let k(z) = z**3 - 7*z**2 - 5. Let m(u) = -u. Let g(p) = 5*p + 5. Let j(i) = -g(i) - m(i). Let n be ((-3)/(-6))/(3/(-18)). Let r be j(n). Calculate k(r).
-5
Let y(q) = 5*q + 6. Suppose -10 = a - 4*m, -22 = -5*a - m - 3*m. Calculate y(a).
16
Let n(i) = -10*i + 151. Let j be (-165)/(-15) + -17 - -21. Determine n(j).
1
Let h(k) = k**2 - 2*k. Suppose -63*u + 58*u = -70. Suppose -5*g = -2*j - u, -5 = -g + 5*j + 7. Give h(g).
0
Let r = -20231 - -20232. Let m(b) be the third derivative of -11*b**7/5040 + b**5/60 + 2*b**2. Let h(q) be the third derivative of m(q). What is h(r)?
-11
Let p(z) = 191*z**3 + 27*z**2 + 5*z. Let d(v) = 64*v**3 + 10*v**2 + 2*v. Let h(u) = 8*d(u) - 3*p(u). Calculate h(1).
-61
Let s(l) be the second derivative of -l**5/20 + 4*l**4/3 - 3*l**3 + 13*l**2 - 1436*l. Give s(15).
-19
Let r(d) be the second derivative of d**4/12 + 2*d**3 + 16*d**2 - 1118*d. Calculate r(-7).
-3
Suppose 2*f - 4 = 2. Suppose -2*z + 8 = 2, -5*v = -f*z + 44. Let w(k) be the first derivative of k**4/4 + 2*k**3 - 11*k**2/2 - 8*k - 2. What is w(v)?
20
Let f(i) = 167*i**2 - 3*i + 1. Let q be f(1). Let z(o) = -4 - 55*o + q*o - 55*o - 54*o. Let x = -11 + 18. Give z(x).
3
Let q(v) be the second derivative of -16*v**3/3 + 359*v**2/2 + 137*v. Give q(11).
7
Let d(o) = 24*o - 8. Let a(h) = -2*h**2 - 2*h - 3. Let i(g) = -a(g) - d(g). What is i(10)?
-9
Suppose 39*i = 13*i - 3*i - 174. Let z(d) = -d**3 - 4*d**2 - 4*d - 14. What is z(i)?
82
Let w = -7776 + 7795. Let a(n) = -2*n**3 + 37*n**2 + 21*n - 25. What is a(w)?
13
Let z(w) = -11*w**3 - 25*w**2 - 3. Let o(l) = 4*l**3 - l**2 - 1. Let a(u) = 3*o(u) + z(u). Give a(28).
-6
Let o(x) = -x**3 - 15*x**2 + x + 13. Let p(h) = -192*h + 1329. Let c be p(7). What is o(c)?
-2
Let o be (-306)/68*(-4)/6. Let x(g) be the first derivative of -1/4*g**4 - 5*g - 2*g**o - 3/2*g**2 + 5. Calculate x(-6).
13
Let c(r) = r**2 - 15*r + 58. Let n be c(6). Let b(s) = 2*s + 14*s**2 + 0*s**3 - 16*s**2 - 4 + s**3. Calculate b(n).
36
Let h be 2*(-4 - (4 + 2)). Let v be (-4 + 0*5/h)/(-2). Let l(b) = 3*b**2 - 4*b + 1. Give l(v).
5
Suppose 18*c = -4*c + 176. Let k(d) = 0 + 5 - d**2 + 3 + 26*d - 18*d + 0. Determine k(c).
8
Let t(o) be the first derivative of -o**4/12 - 3*o**3/2 - o**2 + 49*o + 16. Let w(n) be the first derivative of t(n). Give w(-8).
6
Let y(h) be the first derivative of -66 + 5*h + 3/2*h**2 + 1/3*h**3. What is y(-3)?
5
Let c(w) = -4*w**2 + 4 + 1 + 0*w**2 + 7*w + 3*w**2. Suppose 2*p - 2*k - 234 = -2*p, -5*p - 2*k = -270. Suppose 22*o - 15*o - p = 0. What is c(o)?
-3
Let w(b) = 17 + b**2 - 4 + 10*b - 3*b. Suppose -64*c - 122 = 70. What is w(c)?
1
Suppose -54 = 11*h + 1. Let l be 3 + ((-1535)/h - -2). Let g be (-1)/(-8) + l/64 - 2. Let a(d) = 3*d - 4. What is a(g)?
5
Let u(r) = 74*r**2 - 2*r**3 - 4 + r - 81*r**2 + 3*r**3 + 6*r - 4*r. Calculate u(5).
-39
Let f(z) = 213 - 3*z**2 - 143 - 65 - 8*z + z**3. Calculate f(-2).
1
Let b(i) = 2*i**2 + 2*i + 3. Let n(f) = 3*f**2 + f + 3. Let g(k) = 4*b(k) - 3*n(k). Suppose -r - 4*r = -0*r. Let c be (1/(-2))/((-4)/40) - r. Determine g(c).
3
Suppose -3*q + 44*r = 50*r + 24, -3*q = 4*r + 20. Let x(f) = -f**3 - 6*f**2 - 6*f - 5. What is x(q)?
-13
Let l(s) = 4*s - 1. Suppose -4*t - 4*a = 0, 3*a + 48 - 27 = 0. Calculate l(t).
27
Let o(d) = -d. Let j(z) = 2*z. Let v(k) = -6*j(k) - 11*o(k). Let m(f) = 15*f**2 - 3*f - 4. Let q be m(2). Let p = q + -43. Give v(p).
-7
Let o(m) = -m + 2. Let x = 657 + -576. Suppose -21 = 10*k - x. Calculate o(k).
-4
Let o(q) = 3*q**3 + 23*q**2 - 12*q + 11. Let n(y) = -5*y**3 - 46*y**2 + 24*y - 21. Let i(g) = -5*n(g) - 9*o(g). Calculate i(11).
-5
Let s = 2263 + -2262. Let d(x) = 18*x + 1. Calculate d(s).
19
Let n = -5414 - -5424. Let p(i) = i**3 - 11*i**2 + 10. Give p(n).
-90
Let d(g) = 2*g - 2. Let u = -24 + 24. Suppose -c - 6 = -2*t, -c - t + 6 = -u. Let r be (1*2)/((5 + c)/14). What is d(r)?
6
Let j = -1877 + 1870. Let w(a) = -a**3 - 6*a + 2 - 7*a**2 + a**2 - 2*a**2 + 0. Give w(j).
-5
Suppose 238*a = -52*a + 1740. Let g(v) = 3*v**2 - 13*v + 7. What is g(a)?
37
Suppose 0 = -2*h - h + 18. Let f(u) be the first derivative of 47 + 2*u - 3*u - 3*u + 2*u + u**2. Give f(h).
10
Let w(n) be the third derivative of -n**5/60 - n**4/8 + 5*n**3/6 - n**2. Suppose 7*i = 2*y + 40, 33*i = 36*i - 5*y - 42. Determine w(i).
-23
Let q(n) = -29*n - 25. Suppose -4*f + 12*g - 38 = 10*g, -58 = 5*f - 4*g. What is q(f)?
149
Let n(v) be the third derivative of 3*v**4/8 - v**3/6 + 11*v**2 - 6. Let h be (-2 + -1)/(9/(-6)). Determine n(h).
17
Let n(o) = 7*o**2 - 3*o + 41. Let f(p) = -p**2 + 3*p - 4. Let b(h) = 6*f(h) + n(h). 